(a) + 2*m(a). Determine i(7).
-1
Let p = -17 - -8. Let i(w) = w - 6. Let f(b) = 4*b - 23. Let q(r) = p*i(r) + 2*f(r). What is q(6)?
2
Let p(g) = 3*g**2 + 2*g - 7. Let t be p(0). Let f(k) = k**3 + 6*k**2 - 9*k. Determine f(t).
14
Let d = 4 + -9. Let y(r) = -r**2 - r - 1. Let j(t) = 4*t**2. Let n(i) = d*y(i) - j(i). Let h(c) = c**2 - 27*c - 4. Let w be h(27). What is n(w)?
1
Let a(v) be the third derivative of 0 + 0*v + 0*v**4 + 6*v**2 + 1/60*v**5 - 1/6*v**3. Let n(l) = -6*l**2 - 4*l + 8. Let p(c) = 4*a(c) + n(c). Determine p(-4).
-12
Let j(t) = -t**2 - 3*t + 7. Let r = -6 + 28. Suppose 3*c + 11 = -2*b, 3 - r = 3*c - 2*b. Give j(c).
-3
Let n(l) = l**2 + l. Let h(i) = 3*i. Let k be h(1). Suppose j = k*d - 14, 2*d = 4*j - d + 11. Suppose 3*s - 2*s = -j. Calculate n(s).
0
Let l(c) = -287*c + 1 - 3 + 288*c. Let v(a) = a - 2. Let b(m) = 4*l(m) - 3*v(m). Calculate b(-2).
-4
Suppose 1 = -7*p + 29. Let i(u) = -u**3 + 16 + 2*u - 17 + p*u**2 + 0*u**3. Calculate i(4).
7
Let u(a) = -2*a + 6. Let w(b) = 2*b - 5. Let v(r) = -r + 5. Let y(p) = -3*v(p) - 2*w(p). Let t be (-2)/(16/(-9) + 2). Let z be y(t). What is u(z)?
-2
Let l(o) be the first derivative of -2*o**3/3 + 5*o + 15. Let m be l(-2). Let j(z) = 2*z + 1. What is j(m)?
-5
Suppose 5 = w + 9*y - 8*y, 2*w - 3*y = 0. Let l(c) = -c**2 + 11*c - 12. Calculate l(w).
12
Let y(i) = -3*i**3 + 8*i**2 + i + 10. Let g(w) = 2*w**3 - 3*w**2 - 1. Let b(l) = 2*g(l) + y(l). Determine b(0).
8
Let g(j) be the first derivative of -j**3/3 - 5*j**2 + 15*j - 126. What is g(-12)?
-9
Let b(z) = z**3 + 13*z**2 + z + 21. Let o be b(-13). Let c(n) = -n + 3. Give c(o).
-5
Let s(a) = -1 - 8*a**2 - 6*a + 7 + 9*a**2. Let k be (36/14)/(1/7). Suppose 2*b = -b + k. Give s(b).
6
Suppose -26*s + 5*s - 28*s = 147. Suppose -10 = -5*h - 3*z, -5*z = -5*h + h + 8. Let u(l) = -7*l**h + 5 + 2*l**2 - l**3 - 1 - 2*l. Give u(s).
-8
Let y(w) be the first derivative of w**5/120 + 5*w**4/6 + 16*w**3/3 - 4. Let v(p) be the third derivative of y(p). What is v(0)?
20
Let v(n) = -5*n**2 - 322*n**3 + 321*n**3 - 3*n + 0*n**2. Let g be -8 + (-2)/2*2. Let b(f) = -f**2 - 11*f - 14. Let m be b(g). Determine v(m).
-4
Let u(r) be the second derivative of -r - 3/2*r**2 - 1/6*r**3 - 1/24*r**4 + 0. Let t(x) be the first derivative of u(x). What is t(4)?
-5
Let b(x) = 4*x + 4. Let t = 48 + -44. Suppose -3*u - 4 = t*a + a, 2*u + 7 = a. Calculate b(u).
-8
Let v(j) = -590 + 1182 + 3*j - 584. What is v(-5)?
-7
Suppose 16*p - 6*p = -30. Let r(n) = -5*n - 2. What is r(p)?
13
Let d(a) = 37 - a + 43 - 76. Give d(7).
-3
Let y(o) = -o - 3. Suppose 0 = 2*c - 4*c. Suppose -2*s + s = c. Calculate y(s).
-3
Let n(h) = h**2 + h. Let y be n(-2). Suppose -5*g = -g - 16. Let p(a) = -3*a - a + 0 + 6*a - g*a**2 + 2. Determine p(y).
-10
Let a = -389 - -394. Let c(h) = h**3 - 6*h**2 - 3*h + 5. Determine c(a).
-35
Let g(a) = a**3 + 4*a**2 + 3. Let n(l) = 2*l - 14. Let d(q) = -q. Let c(f) = -5*d(f) - n(f). Let w be (-6)/5*(4 - -1). Let m be c(w). Determine g(m).
3
Let p(s) be the first derivative of -s**6/360 - s**5/60 + s**4/12 + 2*s**3/3 - 26. Let o(j) be the third derivative of p(j). Calculate o(-3).
-1
Let c(j) = -11*j**3 + 10*j**2 - 7*j + 13. Let t(q) = 4*q**3 - 3*q**2 + 2*q - 4. Let l(b) = -3*c(b) - 8*t(b). Give l(5).
-7
Let c(l) = -l**3 - 4*l**2 - 5*l - 9. Suppose 0 = -81*g - 53*g - 402. What is c(g)?
-3
Let v(i) = -1 - 3 - 3 + 7*i - i**2. Suppose -5*j = -2*j + 300. Let y be j/(-15)*3/4. Give v(y).
3
Suppose -2*n + 4 = 2*i, -4*n - 3*i - 16 = -5*i. Let x be n/(-7) + (-37)/7. Let j(g) = 3 - 2*g**2 - 1 + 0 - 7*g. Calculate j(x).
-13
Let b(m) = -m**3 + m**2 - m + 2. Let i be b(1). Let z(a) = 3 + 9*a - 12*a - i + 5. Calculate z(-7).
28
Let f(x) = 2*x**2 - x**2 - 4*x**2 - 2*x**3 + 2. Suppose -3*z - d - 76 = 0, d + 124 = -5*z - 0*d. Let j be (z/(-18))/((-6)/9). Determine f(j).
6
Let j(p) = 2*p. Suppose 5*t - 94 = -34. Let r be t*(-5)/(-45)*-3. Calculate j(r).
-8
Let h(x) be the second derivative of x**3/2 - x**2 - 31*x. Determine h(3).
7
Let r(k) be the third derivative of 43*k**2 + 0*k + 0 - 5/6*k**3 + 1/12*k**4. Calculate r(6).
7
Let v be 2/((-8)/6)*128/(-48). Let h(r) = -2*r**2 - 2*r + 2. What is h(v)?
-38
Let u be (10/(-6))/1*3. Let n be (40/50)/((-2)/u). Let r(p) = -3*p + 4*p - n - 2*p. What is r(-7)?
5
Let y(c) = -4*c + 46. Let q(m) = -3*m + 33. Let p(b) = -3*q(b) + 2*y(b). Determine p(5).
-2
Let j(r) = -r**3 - 5*r - 3 + 0*r**3 + 4*r**2 + 3*r**2. Let b = 15 + -3. Suppose -5*y + 3*y = -b. What is j(y)?
3
Let o(w) = -40*w + 10*w - 10 + 10*w + 21*w. Give o(-10).
-20
Let a(b) = -b**2 - b + 6. Let y be a(0). Let j(u) be the third derivative of -u**6/120 + 7*u**5/60 - 5*u**4/24 - 7*u**3/6 - 19*u**2. Calculate j(y).
-1
Let o(j) be the first derivative of -j**3/3 + 7*j**2/2 - 3*j - 77. Let g be (-2)/8 + (-57)/(-4). Suppose y + g = 5*c - 2*c, c = 4*y + 1. Calculate o(c).
7
Let i(u) be the first derivative of 2/3*u**3 + 0*u + 1/360*u**6 + 0*u**2 + 3 + 5/24*u**4 - 1/15*u**5. Let y(f) be the third derivative of i(f). Determine y(7).
-2
Suppose 18 = -5*b - 2*j, -j - 13 = 5*b + 1. Let q be (18/30)/(b/10). Let c(t) = t**3 + 3*t**2 - t + 3. Calculate c(q).
6
Let f(l) = 7*l**2 - 2*l - 4. Let c(r) = -2 - 15*r**2 - r + 0*r + 19*r**2. Let b(p) = -5*c(p) + 3*f(p). Suppose 0 = n - d + 1, -3*n - d = 2*d - 15. Give b(n).
0
Let h(r) = 2*r - 1. Suppose g = -c - 7 + 1, -4*c - 6 = -5*g. Let t be h(g). Let b(u) = -u**3 - 4*u**2 + 3*u - 5. What is b(t)?
5
Let r(v) = -2*v + 3*v**3 - 4*v**2 - 3*v**2 + 2 + 2*v**3 + v - 6*v**3. Let a be 1 + (-5)/(15/24). What is r(a)?
9
Let y(w) = 20 - 8 - 9 + 3*w - 7. What is y(5)?
11
Suppose 2*z + 2*q - 65 = -75, -9 = -3*q. Let x(n) = -n**3 - 7*n**2 + 6*n + 5. Determine x(z).
21
Let y(v) be the third derivative of v**6/120 + v**5/20 - v**4/6 + 81*v**2 + 4*v - 1. Suppose -d - 8 = d. What is y(d)?
0
Let l(s) be the second derivative of 5*s**3/3 - 15*s**2 + 6*s - 2. Determine l(3).
0
Suppose 5*p = -m + 15, -3*p + 15 = m + 4. Let x(j) = j**p - 6*j - 2 + 11*j - 8*j. Determine x(5).
8
Let a(z) = -z + 3. Let o(u) = u - 4. Let g(m) = -4*a(m) - 3*o(m). Let l be (55/(-10) - -3)*-2. What is g(l)?
5
Let d(f) = f**2 + 2 - 5*f - 8 - f + 12. Suppose 4*h - 3*n - n = 8, -5*h + n + 18 = 0. What is d(h)?
-2
Suppose -101 = 75*b - 26. Let l = 0 - -2. Let w(m) = -m**3 + 2*m**3 + l*m**2 + 2*m**3 + m. Determine w(b).
-2
Let y(x) = -3*x**2 - 4. Let n = -1031 - -1028. Give y(n).
-31
Let a(w) = 2*w**2 + 2*w - 7*w**2 + 0 - w**3 - 3. Let y be (1/2)/((-1)/12). Determine a(y).
21
Let k(a) = -4*a**2 + 597*a**3 - 596*a**3 + 9 + 3*a**2. Let d = 2 + 0. Let l = -2 + d. Give k(l).
9
Let m(r) = -2*r - 9. Let d(i) = i**3 + 2. Let c = 12 - 14. Let v be d(c). Calculate m(v).
3
Suppose -162 = 8*p - 106. Suppose -o = -0*o - 6. Let u(j) = -2*j - o + 13 + 4*j. Determine u(p).
-7
Suppose 9 = -105*l + 96*l. Let h(i) = 37*i**3 + i**2 - i - 1. Determine h(l).
-36
Let g(i) = 4*i - i**3 - 5*i**2 + 9*i**2 - 119 + 124 - 11*i**2. Determine g(-7).
-23
Let c(t) be the third derivative of -t**6/120 - t**5/12 + 7*t**4/24 + t**3/6 - 83*t**2. Calculate c(-6).
-5
Let s(v) = v + 6. Let d(l) = -1. Let a(i) = -4*d(i) - 3*s(i). What is a(-8)?
10
Let i(k) = -3*k + 5*k**2 + k**2 + 2*k + 3*k - 5*k**2. Determine i(1).
3
Let f(x) = -x**2 - 4*x. Let p be -1 + 6 + -2 + 0. Suppose 6*i - p*i = 9. Suppose 0 = -d - 2*z, -1 = 2*z - i. Determine f(d).
4
Suppose 7 - 1 = -w. Let l(i) = 6*i - 4. Let f(g) = -2*g + 1. Let q(z) = -8*f(z) - 3*l(z). Give q(w).
16
Let h(t) be the second derivative of -9/2*t**2 + t + 1/3*t**3 + 0 - 2/3*t**4 + 1/20*t**5. Determine h(8).
7
Let v be 1*-2*(-5)/(-2). Let q(u) = -4*u**3 - 34*u**2 + 24*u - 60. Let y(r) = r**3 + 8*r**2 - 6*r + 14. Let j(w) = -2*q(w) - 9*y(w). Determine j(v).
-11
Let h(x) = x**3 - 5*x**2 + x + 8. Let l be h(4). Let v(q) = -q - 2. Give v(l).
2
Let p(f) be the second derivative of f**4/6 - 5*f**3/2 - f**2 - 146*f + 1. Give p(8).
6
Let x(r) = -r**3 - r**2 + 2*r + 1. Suppose 3*p + 38 = 32. Determine x(p).
1
Let r(p) = 1 + 16*p**2 - 30*p**2 + 13*p**2. Suppose 11*l + f - 15 = 6*l, 6 = -l - 2*f. Give r(l).
-15
Let n(z) = 3*z**2 + 35*z - 11. Let r be n(-12). Let q(g) = 20*g**2 + g - 1. Give q(r).
20
Suppose 5*f - 3 = 12, -4*z + 3*f = 5. Let u be (3 + -2)*8/2. Let j be z/((-4)/u) + -4. Let g(q) = q**2 + 5*q - 5. Deter